{"id":14,"date":"2025-11-21T14:37:25","date_gmt":"2025-11-21T14:37:25","guid":{"rendered":"https:\/\/francknagradjuje.ba\/?page_id=14"},"modified":"2026-02-02T01:13:31","modified_gmt":"2026-02-02T01:13:31","slug":"nagradna-igra-fbih","status":"publish","type":"page","link":"https:\/\/francknagradjuje.ba\/index.php\/nagradna-igra-fbih\/","title":{"rendered":"Nagradna igra &#8211; FBiH"},"content":{"rendered":"\t\t<div data-elementor-type=\"wp-page\" data-elementor-id=\"14\" class=\"elementor elementor-14\">\n\t\t\t\t<div class=\"elementor-element elementor-element-dbb9ccb elementor-hidden-desktop e-flex e-con-boxed e-con e-parent\" data-id=\"dbb9ccb\" data-element_type=\"container\" data-settings=\"{&quot;animation_mobile&quot;:&quot;fadeInDown&quot;}\">\n\t\t\t\t\t<div class=\"e-con-inner\">\n\t\t<div class=\"elementor-element elementor-element-c95f511 e-con-full e-flex e-con e-child\" data-id=\"c95f511\" data-element_type=\"container\">\n\t\t\t\t<div class=\"elementor-element elementor-element-57570c0 elementor-widget elementor-widget-image\" data-id=\"57570c0\" data-element_type=\"widget\" data-widget_type=\"image.default\">\n\t\t\t\t\t\t\t\t\t\t\t\t\t\t\t<img fetchpriority=\"high\" decoding=\"async\" width=\"800\" height=\"833\" src=\"https:\/\/francknagradjuje.ba\/wp-content\/uploads\/2025\/11\/franck-logo-e1763736517721.png\" class=\"attachment-large size-large wp-image-18\" alt=\"\" srcset=\"https:\/\/francknagradjuje.ba\/wp-content\/uploads\/2025\/11\/franck-logo-e1763736517721.png 943w, https:\/\/francknagradjuje.ba\/wp-content\/uploads\/2025\/11\/franck-logo-e1763736517721-288x300.png 288w, https:\/\/francknagradjuje.ba\/wp-content\/uploads\/2025\/11\/franck-logo-e1763736517721-768x800.png 768w\" sizes=\"(max-width: 800px) 100vw, 800px\" \/>\t\t\t\t\t\t\t\t\t\t\t\t\t\t\t<\/div>\n\t\t\t\t<\/div>\n\t\t<div class=\"elementor-element elementor-element-2e09727 e-con-full e-flex e-con e-child\" data-id=\"2e09727\" data-element_type=\"container\">\n\t\t\t\t<div class=\"elementor-element elementor-element-0b22143 elementor-widget elementor-widget-image\" data-id=\"0b22143\" data-element_type=\"widget\" data-widget_type=\"image.default\">\n\t\t\t\t\t\t\t\t\t\t\t\t\t\t\t<img decoding=\"async\" width=\"800\" height=\"334\" src=\"https:\/\/francknagradjuje.ba\/wp-content\/uploads\/2025\/11\/bingo-logo-e1763736466637.png\" class=\"attachment-large size-large wp-image-17\" alt=\"\" srcset=\"https:\/\/francknagradjuje.ba\/wp-content\/uploads\/2025\/11\/bingo-logo-e1763736466637.png 1000w, https:\/\/francknagradjuje.ba\/wp-content\/uploads\/2025\/11\/bingo-logo-e1763736466637-300x125.png 300w, https:\/\/francknagradjuje.ba\/wp-content\/uploads\/2025\/11\/bingo-logo-e1763736466637-768x320.png 768w\" sizes=\"(max-width: 800px) 100vw, 800px\" \/>\t\t\t\t\t\t\t\t\t\t\t\t\t\t\t<\/div>\n\t\t\t\t<\/div>\n\t\t\t\t\t<\/div>\n\t\t\t\t<\/div>\n\t\t<div class=\"elementor-element elementor-element-6a70a0e e-con-full e-flex elementor-invisible e-con e-parent\" data-id=\"6a70a0e\" data-element_type=\"container\" data-settings=\"{&quot;animation&quot;:&quot;fadeIn&quot;}\">\n\t\t<div class=\"elementor-element elementor-element-d9f0c1c e-con-full e-flex e-con e-child\" data-id=\"d9f0c1c\" data-element_type=\"container\">\n\t\t\t\t<div class=\"elementor-element elementor-element-96a7b97 elementor-widget elementor-widget-heading\" data-id=\"96a7b97\" data-element_type=\"widget\" data-widget_type=\"heading.default\">\n\t\t\t\t\t<h2 class=\"elementor-heading-title elementor-size-default\">Uz <span style=\"color:red;font-weight:900\">Franck <\/span>svaki <br>\ndan u\u017eivaj i super <br>\nnagrade osvajaj!<\/h2>\t\t\t\t<\/div>\n\t\t\t\t<div class=\"elementor-element elementor-element-1f994f3 elementor-widget elementor-widget-heading\" data-id=\"1f994f3\" data-element_type=\"widget\" data-widget_type=\"heading.default\">\n\t\t\t\t\t<h3 class=\"elementor-heading-title elementor-size-default\">NAGRADNA IGRA 01.12. - 15.01.2026.<\/h3>\t\t\t\t<\/div>\n\t\t\t\t<\/div>\n\t\t<div class=\"elementor-element elementor-element-e453cca e-con-full elementor-hidden-tablet elementor-hidden-mobile e-flex e-con e-child\" data-id=\"e453cca\" data-element_type=\"container\">\n\t\t\t\t<div class=\"elementor-element elementor-element-12811ef elementor-widget elementor-widget-image\" data-id=\"12811ef\" data-element_type=\"widget\" data-widget_type=\"image.default\">\n\t\t\t\t\t\t\t\t\t\t\t\t\t\t\t<img decoding=\"async\" width=\"943\" height=\"982\" src=\"https:\/\/francknagradjuje.ba\/wp-content\/uploads\/2025\/11\/franck-logo-e1763736517721.png\" class=\"attachment-full size-full wp-image-18\" alt=\"\" srcset=\"https:\/\/francknagradjuje.ba\/wp-content\/uploads\/2025\/11\/franck-logo-e1763736517721.png 943w, https:\/\/francknagradjuje.ba\/wp-content\/uploads\/2025\/11\/franck-logo-e1763736517721-288x300.png 288w, https:\/\/francknagradjuje.ba\/wp-content\/uploads\/2025\/11\/franck-logo-e1763736517721-768x800.png 768w\" sizes=\"(max-width: 943px) 100vw, 943px\" \/>\t\t\t\t\t\t\t\t\t\t\t\t\t\t\t<\/div>\n\t\t\t\t<div class=\"elementor-element elementor-element-2877499 elementor-widget elementor-widget-image\" data-id=\"2877499\" data-element_type=\"widget\" data-widget_type=\"image.default\">\n\t\t\t\t\t\t\t\t\t\t\t\t\t\t\t<img decoding=\"async\" width=\"800\" height=\"334\" src=\"https:\/\/francknagradjuje.ba\/wp-content\/uploads\/2025\/11\/bingo-logo-e1763736466637.png\" class=\"attachment-large size-large wp-image-17\" alt=\"\" srcset=\"https:\/\/francknagradjuje.ba\/wp-content\/uploads\/2025\/11\/bingo-logo-e1763736466637.png 1000w, https:\/\/francknagradjuje.ba\/wp-content\/uploads\/2025\/11\/bingo-logo-e1763736466637-300x125.png 300w, https:\/\/francknagradjuje.ba\/wp-content\/uploads\/2025\/11\/bingo-logo-e1763736466637-768x320.png 768w\" sizes=\"(max-width: 800px) 100vw, 800px\" \/>\t\t\t\t\t\t\t\t\t\t\t\t\t\t\t<\/div>\n\t\t\t\t<\/div>\n\t\t\t\t<\/div>\n\t\t<div class=\"elementor-element elementor-element-fe4e0f8 e-con-full e-flex elementor-invisible e-con e-parent\" data-id=\"fe4e0f8\" data-element_type=\"container\" data-settings=\"{&quot;animation&quot;:&quot;fadeIn&quot;}\">\n\t\t<div class=\"elementor-element elementor-element-8958e71 e-con-full e-flex e-con e-child\" data-id=\"8958e71\" data-element_type=\"container\">\n\t\t\t\t<div class=\"elementor-element elementor-element-6f3afe8 elementor-widget elementor-widget-heading\" data-id=\"6f3afe8\" data-element_type=\"widget\" data-widget_type=\"heading.default\">\n\t\t\t\t\t<h3 class=\"elementor-heading-title elementor-size-default\">Kupovinom  <span style=\"color:red;font-weight:900\"> Franck artikala <\/span>u minimalnoj vrijednosti od 15 KM u\u010destvuj u nagradnoj igri!<\/h3>\t\t\t\t<\/div>\n\t\t\t\t<div class=\"elementor-element elementor-element-a02a2da elementor-widget elementor-widget-heading\" data-id=\"a02a2da\" data-element_type=\"widget\" data-widget_type=\"heading.default\">\n\t\t\t\t\t<h3 class=\"elementor-heading-title elementor-size-default\">Po\u0161alji SMS sadr\u017eaja: broj fiskalnog ra\u010duna, ime i prezime, grad prebivali\u0161ta na<b> 091 212 414 <\/b>(cijena SMS poruke 0,20 KM+PDV) ili ispuni formu putem internet stranice: <b>www.francknagradjuje.ba<\/b><\/h3>\t\t\t\t<\/div>\n\t\t\t\t<div class=\"elementor-element elementor-element-4432b35 elementor-align-left elementor-mobile-align-justify elementor-widget elementor-widget-button\" data-id=\"4432b35\" data-element_type=\"widget\" data-widget_type=\"button.default\">\n\t\t\t\t\t\t\t\t\t\t<a class=\"elementor-button elementor-button-link elementor-size-sm\" href=\"https:\/\/francknagradjuje.ba\/index.php\/dobitnici-fbih\/\">\n\t\t\t\t\t\t<span class=\"elementor-button-content-wrapper\">\n\t\t\t\t\t\t\t\t\t<span class=\"elementor-button-text\">Pogledaj dobitnike<\/span>\n\t\t\t\t\t<\/span>\n\t\t\t\t\t<\/a>\n\t\t\t\t\t\t\t\t<\/div>\n\t\t\t\t<\/div>\n\t\t<div class=\"elementor-element elementor-element-a255556 e-con-full elementor-hidden-tablet elementor-hidden-mobile e-flex e-con e-child\" data-id=\"a255556\" data-element_type=\"container\">\n\t\t\t\t<\/div>\n\t\t\t\t<\/div>\n\t\t<div class=\"elementor-element elementor-element-b70c5fe e-con-full e-flex e-con e-parent\" data-id=\"b70c5fe\" data-element_type=\"container\">\n\t\t\t\t<div class=\"elementor-element elementor-element-c95d3c4 elementor-invisible elementor-widget elementor-widget-image\" data-id=\"c95d3c4\" data-element_type=\"widget\" data-settings=\"{&quot;_animation&quot;:&quot;fadeInRight&quot;}\" data-widget_type=\"image.default\">\n\t\t\t\t\t\t\t\t\t\t\t\t\t\t\t<img loading=\"lazy\" decoding=\"async\" width=\"2000\" height=\"820\" src=\"https:\/\/francknagradjuje.ba\/wp-content\/uploads\/2025\/11\/kia-e1763738400974.png\" class=\"attachment-full size-full wp-image-25\" alt=\"\" srcset=\"https:\/\/francknagradjuje.ba\/wp-content\/uploads\/2025\/11\/kia-e1763738400974.png 2000w, https:\/\/francknagradjuje.ba\/wp-content\/uploads\/2025\/11\/kia-e1763738400974-300x123.png 300w, https:\/\/francknagradjuje.ba\/wp-content\/uploads\/2025\/11\/kia-e1763738400974-1024x420.png 1024w, https:\/\/francknagradjuje.ba\/wp-content\/uploads\/2025\/11\/kia-e1763738400974-768x315.png 768w, https:\/\/francknagradjuje.ba\/wp-content\/uploads\/2025\/11\/kia-e1763738400974-1536x630.png 1536w\" sizes=\"(max-width: 2000px) 100vw, 2000px\" \/>\t\t\t\t\t\t\t\t\t\t\t\t\t\t\t<\/div>\n\t\t\t\t<\/div>\n\t\t<div class=\"elementor-element elementor-element-c817306 e-flex e-con-boxed e-con e-parent\" data-id=\"c817306\" data-element_type=\"container\">\n\t\t\t\t\t<div class=\"e-con-inner\">\n\t\t<div class=\"elementor-element elementor-element-2e7379e e-con-full e-flex e-con e-child\" data-id=\"2e7379e\" data-element_type=\"container\">\n\t\t\t\t<div class=\"elementor-element elementor-element-c8b8204 elementor-invisible elementor-widget elementor-widget-image\" data-id=\"c8b8204\" data-element_type=\"widget\" data-settings=\"{&quot;_animation&quot;:&quot;fadeIn&quot;}\" data-widget_type=\"image.default\">\n\t\t\t\t\t\t\t\t\t\t\t\t\t\t\t<img loading=\"lazy\" decoding=\"async\" width=\"1000\" height=\"525\" src=\"https:\/\/francknagradjuje.ba\/wp-content\/uploads\/2025\/11\/teevizor-e1763738432916.png\" class=\"attachment-full size-full wp-image-30\" alt=\"\" srcset=\"https:\/\/francknagradjuje.ba\/wp-content\/uploads\/2025\/11\/teevizor-e1763738432916.png 1000w, https:\/\/francknagradjuje.ba\/wp-content\/uploads\/2025\/11\/teevizor-e1763738432916-300x158.png 300w, https:\/\/francknagradjuje.ba\/wp-content\/uploads\/2025\/11\/teevizor-e1763738432916-768x403.png 768w\" sizes=\"(max-width: 1000px) 100vw, 1000px\" \/>\t\t\t\t\t\t\t\t\t\t\t\t\t\t\t<\/div>\n\t\t\t\t<\/div>\n\t\t<div class=\"elementor-element elementor-element-77e5a72 e-con-full e-flex e-con e-child\" data-id=\"77e5a72\" data-element_type=\"container\">\n\t\t\t\t<div class=\"elementor-element elementor-element-298eb3f elementor-invisible elementor-widget elementor-widget-image\" data-id=\"298eb3f\" data-element_type=\"widget\" data-settings=\"{&quot;_animation&quot;:&quot;fadeIn&quot;,&quot;_animation_delay&quot;:300}\" data-widget_type=\"image.default\">\n\t\t\t\t\t\t\t\t\t\t\t\t\t\t\t<img loading=\"lazy\" decoding=\"async\" width=\"800\" height=\"625\" src=\"https:\/\/francknagradjuje.ba\/wp-content\/uploads\/2025\/11\/sat-e1763737130835.png\" class=\"attachment-large size-large wp-image-29\" alt=\"\" srcset=\"https:\/\/francknagradjuje.ba\/wp-content\/uploads\/2025\/11\/sat-e1763737130835.png 893w, https:\/\/francknagradjuje.ba\/wp-content\/uploads\/2025\/11\/sat-e1763737130835-300x234.png 300w, https:\/\/francknagradjuje.ba\/wp-content\/uploads\/2025\/11\/sat-e1763737130835-768x600.png 768w\" sizes=\"(max-width: 800px) 100vw, 800px\" \/>\t\t\t\t\t\t\t\t\t\t\t\t\t\t\t<\/div>\n\t\t\t\t<\/div>\n\t\t\t\t\t<\/div>\n\t\t\t\t<\/div>\n\t\t<div class=\"elementor-element elementor-element-0c0d6b0 e-con-full e-flex e-con e-parent\" data-id=\"0c0d6b0\" data-element_type=\"container\">\n\t\t<div class=\"elementor-element elementor-element-11b57a8 e-con-full e-flex e-con e-child\" data-id=\"11b57a8\" data-element_type=\"container\">\n\t\t\t\t<div class=\"elementor-element elementor-element-c8a29da elementor-invisible elementor-widget elementor-widget-image\" data-id=\"c8a29da\" data-element_type=\"widget\" data-settings=\"{&quot;_animation&quot;:&quot;fadeIn&quot;,&quot;_animation_delay&quot;:300}\" data-widget_type=\"image.default\">\n\t\t\t\t\t\t\t\t\t\t\t\t\t\t\t<img loading=\"lazy\" decoding=\"async\" width=\"855\" height=\"575\" src=\"https:\/\/francknagradjuje.ba\/wp-content\/uploads\/2025\/11\/telefon-e1763738521783.png\" class=\"attachment-full size-full wp-image-28\" alt=\"\" srcset=\"https:\/\/francknagradjuje.ba\/wp-content\/uploads\/2025\/11\/telefon-e1763738521783.png 855w, https:\/\/francknagradjuje.ba\/wp-content\/uploads\/2025\/11\/telefon-e1763738521783-300x202.png 300w, https:\/\/francknagradjuje.ba\/wp-content\/uploads\/2025\/11\/telefon-e1763738521783-768x516.png 768w\" sizes=\"(max-width: 855px) 100vw, 855px\" \/>\t\t\t\t\t\t\t\t\t\t\t\t\t\t\t<\/div>\n\t\t\t\t<\/div>\n\t\t<div class=\"elementor-element elementor-element-e5a24df e-con-full e-flex e-con e-child\" data-id=\"e5a24df\" data-element_type=\"container\">\n\t\t\t\t<div class=\"elementor-element elementor-element-c1ad613 elementor-invisible elementor-widget elementor-widget-image\" data-id=\"c1ad613\" data-element_type=\"widget\" data-settings=\"{&quot;_animation&quot;:&quot;fadeIn&quot;,&quot;_animation_delay&quot;:600}\" data-widget_type=\"image.default\">\n\t\t\t\t\t\t\t\t\t\t\t\t\t\t\t<img loading=\"lazy\" decoding=\"async\" width=\"883\" height=\"705\" src=\"https:\/\/francknagradjuje.ba\/wp-content\/uploads\/2025\/11\/pokloni-e1763738550650.png\" class=\"attachment-full size-full wp-image-27\" alt=\"\" srcset=\"https:\/\/francknagradjuje.ba\/wp-content\/uploads\/2025\/11\/pokloni-e1763738550650.png 883w, https:\/\/francknagradjuje.ba\/wp-content\/uploads\/2025\/11\/pokloni-e1763738550650-300x240.png 300w, https:\/\/francknagradjuje.ba\/wp-content\/uploads\/2025\/11\/pokloni-e1763738550650-768x613.png 768w\" sizes=\"(max-width: 883px) 100vw, 883px\" \/>\t\t\t\t\t\t\t\t\t\t\t\t\t\t\t<\/div>\n\t\t\t\t<\/div>\n\t\t<div class=\"elementor-element elementor-element-23dad9f e-con-full e-flex e-con e-child\" data-id=\"23dad9f\" data-element_type=\"container\">\n\t\t\t\t<div class=\"elementor-element elementor-element-a711009 elementor-invisible elementor-widget elementor-widget-image\" data-id=\"a711009\" data-element_type=\"widget\" data-settings=\"{&quot;_animation&quot;:&quot;fadeIn&quot;,&quot;_animation_delay&quot;:900}\" data-widget_type=\"image.default\">\n\t\t\t\t\t\t\t\t\t\t\t\t\t\t\t<img loading=\"lazy\" decoding=\"async\" width=\"950\" height=\"798\" src=\"https:\/\/francknagradjuje.ba\/wp-content\/uploads\/2025\/11\/smar-aparat-e1763738572171.png\" class=\"attachment-full size-full wp-image-26\" alt=\"\" srcset=\"https:\/\/francknagradjuje.ba\/wp-content\/uploads\/2025\/11\/smar-aparat-e1763738572171.png 950w, https:\/\/francknagradjuje.ba\/wp-content\/uploads\/2025\/11\/smar-aparat-e1763738572171-300x252.png 300w, https:\/\/francknagradjuje.ba\/wp-content\/uploads\/2025\/11\/smar-aparat-e1763738572171-768x645.png 768w\" sizes=\"(max-width: 950px) 100vw, 950px\" \/>\t\t\t\t\t\t\t\t\t\t\t\t\t\t\t<\/div>\n\t\t\t\t<\/div>\n\t\t\t\t<\/div>\n\t\t<div class=\"elementor-element elementor-element-171c325 e-flex e-con-boxed elementor-invisible e-con e-parent\" data-id=\"171c325\" data-element_type=\"container\" data-settings=\"{&quot;animation&quot;:&quot;fadeInUp&quot;}\">\n\t\t\t\t\t<div class=\"e-con-inner\">\n\t\t<div class=\"elementor-element elementor-element-549be8e e-con-full e-flex e-con e-child\" data-id=\"549be8e\" data-element_type=\"container\" data-settings=\"{&quot;background_background&quot;:&quot;classic&quot;}\">\n\t\t\t\t<div class=\"elementor-element elementor-element-5ed8048 elementor-hidden-desktop elementor-hidden-tablet elementor-hidden-mobile eael-contact-form-7-button-align-left eael-contact-form-7-button-custom elementor-widget elementor-widget-eael-contact-form-7\" data-id=\"5ed8048\" data-element_type=\"widget\" data-widget_type=\"eael-contact-form-7.default\">\n\t\t\t\t\t<div class=\"eael-contact-form-7-wrapper\">\n                <div class=\"eael-contact-form eael-contact-form-7 eael-contact-form-5ed8048 placeholder-show eael-contact-form-align-default\">\n<div class=\"wpcf7 no-js\" id=\"wpcf7-f91-o1\" lang=\"en-US\" dir=\"ltr\" data-wpcf7-id=\"91\">\n<div class=\"screen-reader-response\"><p role=\"status\" aria-live=\"polite\" aria-atomic=\"true\"><\/p> <ul><\/ul><\/div>\n<form action=\"\/index.php\/wp-json\/wp\/v2\/pages\/14#wpcf7-f91-o1\" method=\"post\" class=\"wpcf7-form init\" aria-label=\"Contact form\" novalidate=\"novalidate\" data-status=\"init\">\n<fieldset class=\"hidden-fields-container\"><input type=\"hidden\" name=\"_wpcf7\" value=\"91\" \/><input type=\"hidden\" name=\"_wpcf7_version\" value=\"6.1.4\" \/><input type=\"hidden\" name=\"_wpcf7_locale\" value=\"en_US\" \/><input type=\"hidden\" name=\"_wpcf7_unit_tag\" value=\"wpcf7-f91-o1\" \/><input type=\"hidden\" name=\"_wpcf7_container_post\" value=\"0\" \/><input type=\"hidden\" name=\"_wpcf7_posted_data_hash\" value=\"\" \/>\n<\/fieldset>\n<p><label> Broj telefona<br \/>\n<span class=\"wpcf7-form-control-wrap\" data-name=\"tel-28\"><input size=\"40\" maxlength=\"400\" class=\"wpcf7-form-control wpcf7-tel wpcf7-validates-as-required wpcf7-text wpcf7-validates-as-tel\" aria-required=\"true\" aria-invalid=\"false\" placeholder=\"06xxxxxxx ili +3876xxxxxxx\" value=\"\" type=\"tel\" name=\"tel-28\" \/><\/span> <\/label>\n<\/p>\n<p><label> Broj fiskalnog ra\u010duna<br \/>\n<span class=\"wpcf7-form-control-wrap\" data-name=\"your-number\"><input size=\"40\" maxlength=\"400\" class=\"wpcf7-form-control wpcf7-text wpcf7-validates-as-required\" aria-required=\"true\" aria-invalid=\"false\" value=\"\" type=\"text\" name=\"your-number\" \/><\/span> <\/label>\n<\/p>\n<p><label> Ime i prezime<br \/>\n<span class=\"wpcf7-form-control-wrap\" data-name=\"your-name\"><input size=\"40\" maxlength=\"400\" class=\"wpcf7-form-control wpcf7-text wpcf7-validates-as-required\" aria-required=\"true\" aria-invalid=\"false\" value=\"\" type=\"text\" name=\"your-name\" \/><\/span> <\/label>\n<\/p>\n<p><label> Grad<br \/>\n<span class=\"wpcf7-form-control-wrap\" data-name=\"your-subject\"><input size=\"40\" maxlength=\"400\" class=\"wpcf7-form-control wpcf7-text wpcf7-validates-as-required\" aria-required=\"true\" aria-invalid=\"false\" value=\"\" type=\"text\" name=\"your-subject\" \/><\/span> <\/label>\n<\/p>\n<p><input class=\"wpcf7-form-control wpcf7-submit has-spinner\" type=\"submit\" value=\"Po\u0161alji\" \/>\n<\/p><div class=\"wpcf7-response-output\" aria-hidden=\"true\"><\/div>\n<\/form>\n<\/div>\n<\/div>\n            <\/div>\t\t\t\t<\/div>\n\t\t\t\t<div class=\"elementor-element elementor-element-33c7578 elementor-mobile-align-justify elementor-align-center elementor-widget elementor-widget-button\" data-id=\"33c7578\" data-element_type=\"widget\" data-widget_type=\"button.default\">\n\t\t\t\t\t\t\t\t\t\t<a class=\"elementor-button elementor-button-link elementor-size-sm\" href=\"https:\/\/francknagradjuje.ba\/wp-content\/uploads\/2025\/12\/Sluzbena_pravila_Franck_FBiH0611_FINAL.pdf\" target=\"_blank\">\n\t\t\t\t\t\t<span class=\"elementor-button-content-wrapper\">\n\t\t\t\t\t\t\t\t\t<span class=\"elementor-button-text\">Pravila nagradne igre<\/span>\n\t\t\t\t\t<\/span>\n\t\t\t\t\t<\/a>\n\t\t\t\t\t\t\t\t<\/div>\n\t\t\t\t<\/div>\n\t\t\t\t\t<\/div>\n\t\t\t\t<\/div>\n\t\t<div class=\"elementor-element elementor-element-78915b0 e-flex e-con-boxed e-con e-parent\" data-id=\"78915b0\" data-element_type=\"container\" data-settings=\"{&quot;background_background&quot;:&quot;classic&quot;}\">\n\t\t\t\t\t<div class=\"e-con-inner\">\n\t\t\t\t<div class=\"elementor-element elementor-element-53f78a9 elementor-widget elementor-widget-text-editor\" data-id=\"53f78a9\" data-element_type=\"widget\" data-widget_type=\"text-editor.default\">\n\t\t\t\t\t\t\t\t\tPowered by SMS Vision | 2025 | Sva prava zadr\u017eana\n\t\t\t\t\t\t\t\t<\/div>\n\t\t\t\t\t<\/div>\n\t\t\t\t<\/div>\n\t\t\t\t<\/div>\n\t\t","protected":false},"excerpt":{"rendered":"<p>Uz Franck svaki dan u\u017eivaj i super nagrade osvajaj! NAGRADNA IGRA 01.12. &#8211; 15.01.2026. Kupovinom Franck artikala u minimalnoj vrijednosti od 15 KM u\u010destvuj u nagradnoj igri! Po\u0161alji SMS sadr\u017eaja: broj fiskalnog ra\u010duna, ime i prezime, grad prebivali\u0161ta na 091 212 414 (cijena SMS poruke 0,20 KM+PDV) ili ispuni formu putem internet stranice: www.francknagradjuje.ba Pogledaj [&hellip;]<\/p>\n","protected":false},"author":1,"featured_media":0,"parent":0,"menu_order":0,"comment_status":"closed","ping_status":"closed","template":"elementor_canvas","meta":{"footnotes":""},"class_list":["post-14","page","type-page","status-publish","hentry"],"_links":{"self":[{"href":"https:\/\/francknagradjuje.ba\/index.php\/wp-json\/wp\/v2\/pages\/14","targetHints":{"allow":["GET"]}}],"collection":[{"href":"https:\/\/francknagradjuje.ba\/index.php\/wp-json\/wp\/v2\/pages"}],"about":[{"href":"https:\/\/francknagradjuje.ba\/index.php\/wp-json\/wp\/v2\/types\/page"}],"author":[{"embeddable":true,"href":"https:\/\/francknagradjuje.ba\/index.php\/wp-json\/wp\/v2\/users\/1"}],"replies":[{"embeddable":true,"href":"https:\/\/francknagradjuje.ba\/index.php\/wp-json\/wp\/v2\/comments?post=14"}],"version-history":[{"count":50,"href":"https:\/\/francknagradjuje.ba\/index.php\/wp-json\/wp\/v2\/pages\/14\/revisions"}],"predecessor-version":[{"id":175,"href":"https:\/\/francknagradjuje.ba\/index.php\/wp-json\/wp\/v2\/pages\/14\/revisions\/175"}],"wp:attachment":[{"href":"https:\/\/francknagradjuje.ba\/index.php\/wp-json\/wp\/v2\/media?parent=14"}],"curies":[{"name":"wp","href":"https:\/\/api.w.org\/{rel}","templated":true}]}}